-2) + (-4)/4. Let t be r*(1/(-1) + 9). List the prime factors of 30/t - (-1)/4.
2
Let f(h) = -2*h**2 + 5*h - 5. Let k be f(2). Let q be (-6 - -2)*1/(-2). List the prime factors of -5*(q + 9/k).
5
Suppose -2*n - 39 = -109. What are the prime factors of n?
5, 7
Let y(c) = -4*c + 7. List the prime factors of y(-2).
3, 5
Let w(j) = 2*j + 3. Let l be w(8). Suppose -3*g + 4*r + l = 0, 2*g - 4*r + 0 = 10. What are the prime factors of g?
3
Suppose 0 = -7*p + 5*p + 36. List the prime factors of p.
2, 3
Let g = -78 + 82. List the prime factors of g.
2
Let u = -1 - -12. Let r = -9 + 14. Suppose u + 39 = r*a. List the prime factors of a.
2, 5
Suppose -5*l = 2*q - 315, -3*l + 248 - 731 = -3*q. List the prime factors of q.
2, 5
Suppose 0 = 2*y - 0*x + 2*x - 20, -5*y + 4*x = -14. Suppose -2*s = 2*j - 8 - y, -3*s = -4*j + 14. List the prime factors of j.
5
Let g(r) = -2*r - 4. Let y be g(-4). Let p(z) = 4*z - 5. What are the prime factors of p(y)?
11
What are the prime factors of (204/(-10))/(38/(-95))?
3, 17
Suppose 4*k - 11 - 46 = 5*j, 0 = 4*k - 2*j - 54. What are the prime factors of k?
13
Let i be (-1448)/(-20) + 2/(-5). Let d = i - 50. Let j = d + -13. List the prime factors of j.
3
Let d(c) = 3*c**2 - 7*c + 27. What are the prime factors of d(-9)?
3, 37
Suppose -4*u + 4 = -68. What are the prime factors of u?
2, 3
Suppose -270 = -5*f + 5*g, 0 = -3*f + 7*f - 5*g - 220. List the prime factors of f.
2, 5
Let a(g) = -g**3 - 3*g**2 - 3. Let t be a(-4). Suppose -t = -5*q + 2. Suppose q*m - 16 = -3*w + 35, -m + 30 = 2*w. What are the prime factors of w?
13
Suppose 5*m - 5 = -5*g, 3*g + 27 = m + 2*m. Suppose 0 = 2*k - m*k + 6. Suppose -4*d + 18 = -k*r, 3*d - r = -0*d + 15. What are the prime factors of d?
2, 3
Let m = -100 - -168. List the prime factors of m.
2, 17
Let s be 2 - 1 - (-2)/(-2). Let c(k) = 0*k + k + 1 + s*k. List the prime factors of c(1).
2
Let x(k) = -k**2 + 2*k + 3. Let a be x(6). Let m = 42 + a. Let w = 32 - m. List the prime factors of w.
11
Suppose -4*w + 181 = -3*x - 142, 0 = -2*w + 5*x + 165. What are the prime factors of w?
2, 5
What are the prime factors of (-32 + 3)/((-2)/10)?
5, 29
Let o = -8 - -11. Suppose 0 = -2*v - o*z + 15, 4*v - 5*z = -z + 40. List the prime factors of v.
3
Let r(m) be the first derivative of -2 - m**2 - 8*m - 7/3*m**3 - 1/4*m**4. What are the prime factors of r(-7)?
2, 3
Suppose -5*t - f + 1005 = 31, -2*f = 4*t - 778. What are the prime factors of 1/3 - t/(-9)?
2, 11
Suppose -4*f + 31 = -3*g + 2*g, 0 = -2*f - 2*g + 8. Suppose -f*b = -93 - 236. What are the prime factors of b?
47
Let l(y) = 2*y**2 - 2*y + 2. Let f be l(7). Let k = 144 - f. What are the prime factors of k?
2, 29
Suppose 9 = 4*f - f. Suppose d = 3, 0 = -0*h + f*h - 3*d - 9. What are the prime factors of h?
2, 3
Let p(t) = 2*t**3 - 11*t**2 - t - 1. List the prime factors of p(8).
311
Let b be (-15)/18 - (-4)/(-24). Let p = 1 + 3. Let d = p + b. What are the prime factors of d?
3
Suppose 0 = q - 2*q - 4. Let l = q + -4. Let a(x) = -x**3 - 8*x**2 + 8. List the prime factors of a(l).
2
Suppose 6*o - 52 = -16. List the prime factors of o.
2, 3
List the prime factors of (0 - 1) + 7 + 0.
2, 3
Let f be ((1 - -2)*-1)/1. What are the prime factors of (-453)/(-9) - (-4)/f?
7
Suppose 4*j - 76 = -3*a, -3*a - 4*j + 104 = a. Let n be 6/(-1)*(-3)/(-3). What are the prime factors of a/n*(-3)/2?
7
Let w(v) = -v + 4. Let g be w(4). Suppose t - 4*x = -6, -t - 5*x + 16 = 2*t. Suppose -r - t*r + 15 = g. List the prime factors of r.
5
Suppose f = -3*z - 2*z + 128, 2*f + 3*z - 235 = 0. Let k = f - 68. What are the prime factors of k?
3, 5
Let i be ((-3)/(-9))/((-4)/(-24)). Let v be ((i - 1) + -2)*-10. Let f = 17 - v. What are the prime factors of f?
7
Let x(w) = w + 3. Let m be x(-12). Let f = m + 24. What are the prime factors of f?
3, 5
Let g be ((-1)/2 - 1)*6. Let k = 5 + g. Let i = k - -13. List the prime factors of i.
3
Let c(l) = -2 + 25*l + 5 - 1. Let m be c(2). Suppose -3*p + 2 + m = 0. What are the prime factors of p?
2, 3
Let t be (0 + 1)/((-7)/(-14)). What are the prime factors of (-2)/(-1) + 32/t?
2, 3
Let l be (-37)/(-7) + 2/(-7). Suppose 0 = 3*t - 17 + l. Suppose -5 = -v - o - 0*o, -4*v + t*o + 60 = 0. List the prime factors of v.
2, 5
Suppose -2*v = 5*m + 3*v - 15, 0 = -m - 2*v + 5. Let k(p) = 5*p + 0*p + 2*p - 2*p. What are the prime factors of k(m)?
5
Let t = 378 + -216. List the prime factors of t.
2, 3
Let j(y) = 2*y + 21. Let r be j(-9). Let g = 1 - 1. Suppose g*c = r*c - 36. What are the prime factors of c?
2, 3
Suppose 5*q = -0*q + 20. Suppose 0 = -q*j - 0 + 48. List the prime factors of j.
2, 3
Let c = -7 - -27. What are the prime factors of c?
2, 5
What are the prime factors of (-1 + -90)*1*-1?
7, 13
Let r = -4 + 4. Suppose 4*q - 10 - 38 = r. What are the prime factors of q?
2, 3
Suppose 3*t + 3*x - 39 = 0, -5*x - 29 - 4 = -2*t. Let b = -9 + t. Suppose -2*h + b = -3. What are the prime factors of h?
2
Suppose 0 = 5*n - s - 572, 6*s - 2*s - 472 = -4*n. List the prime factors of n.
5, 23
Let t(o) = -24*o - 40. List the prime factors of t(-14).
2, 37
Suppose -10*c + 11*c - 74 = 0. What are the prime factors of c?
2, 37
Suppose 5*k - f - 77 = -2*f, 4*k - 58 = -2*f. Suppose 4*v - 2*n - k - 2 = 0, 2*n = -2*v + 18. What are the prime factors of v?
2, 3
Let x(v) = 3*v + 6. Let d be x(6). Suppose d = 4*k - 2*h, 5*k + 2*h - 4*h - 30 = 0. What are the prime factors of k?
2, 3
Let m = 0 - -2. Suppose -3*x = m*x - 10. Suppose l = -5*a + 3, 3*a = x*l - a - 6. List the prime factors of l.
3
Let l(w) be the first derivative of -w**4/4 - 5*w**3/3 + 5*w**2/2 - 4*w - 3. Let b = 0 - 6. What are the prime factors of l(b)?
2
Suppose 5*r - 2*d = -1, d = 4*r - 4 + 3. Let j be r/4 + 21/12. List the prime factors of 3/(14/6 - j).
3
Let x be (-28 + 0)*(-12)/48. What are the prime factors of (x + -131)*(-2)/8?
31
Let d(t) = 144*t + 1. What are the prime factors of d(1)?
5, 29
Let b = -40 + 43. What are the prime factors of b?
3
Let p = 0 - -4. Suppose -9*i + 105 = -p*i. List the prime factors of i.
3, 7
Let o be (-3 + 1 - -19)*1. Let j = o - 9. What are the prime factors of j?
2
Let s = 27 + 27. List the prime factors of s.
2, 3
Suppose 2*x - 59 + 15 = 0. What are the prime factors of x?
2, 11
Suppose 2*g + u = -u + 56, g - 26 = u. What are the prime factors of g?
3
Let p = 13 + -6. Suppose -o + 2 = -p. What are the prime factors of o?
3
Let w = -19 - -38. Let y = w + 33. List the prime factors of y.
2, 13
Suppose -3*c = -5*b + 3*b - 14, 0 = 2*c - 2*b - 12. Suppose 3*q + k = -13, q - c*q + 5*k = 31. What are the prime factors of -1 - ((q - 2) + 2)?
5
Let z(p) be the third derivative of -p**4/8 + p**3/2 - p**2. Let h = -8 + 5. What are the prime factors of z(h)?
2, 3
Let b = -4 + 3. Let z be ((-6)/12)/(b/2). What are the prime factors of (3 + z)*2 - 0?
2
Suppose -6*t = -2*j - 3*t + 7, -5*t = 5*j + 20. Let x = j + 3. Suppose -x*f + 14 = -0*f. List the prime factors of f.
7
Let y be (3 + -1)*(-20)/(-8). Suppose 0 = 3*i - 22 - y. List the prime factors of i.
3
Let j(k) = k - 2. Let x(i) = i**2 + 5*i + 5. Let w be x(-8). Suppose 2*d = 4 + 4, w = 5*s + d. List the prime factors of j(s).
3
Let i(j) = -j**3 - 9*j**2 - j - 8. Let t be i(-9). Suppose 0 = -4*x - 4*h + 84, 5 - t = 2*h. What are the prime factors of x?
19
Let f = -4 - -7. Suppose -5*u = 10, -3*u + 6*u - 402 = -f*c. List the prime factors of c/14 + (-10)/(-35).
2, 5
Suppose 0 = 4*t - 54 - 10. Suppose -i + 2*c = 8, 5*c - 7 = 4*i + t. List the prime factors of (i + 2 - 1)*-5.
5
Let r(a) = a**3 - 3*a**2 - 6*a + 3. Let z be r(4). Let d(i) = -i**3 - 6*i**2 - 4*i - 5. Let x be d(z). Let p = x + 19. What are the prime factors of p?
3
Suppose -134 = 4*o - 3*q - 509, 2*o + 4*q - 160 = 0. List the prime factors of o.
2, 3, 5
Let o(i) = -i**3 + 6*i**2 - 4*i - 4. Let v(n) = -n**3 + 3*n**2 + 2*n - 2. Let y be v(3). Let j be o(y). Let x = 17 - j. What are the prime factors of x?
5
Suppose 16 + 4 = 5*p. Suppose 0 = -p*n - 12 + 40. List the prime factors of n.
7
Let m = -55 - -94. What are the prime factors of m?
3, 13
Suppose 0 = 5*g - 4*g - 5. Suppose -g*k = -48 - 72. Suppose -5*z + 3*i = -z - 3, -k = -3*z - 5*i. List the prime factors of z.
3
Suppose r + 5 = 83. List the prime factors of r.
2, 3, 13
Suppose 2*o = 5 + 17. Let d(m) 